mmon divisor of b and 11?
11
Let h = -140 + 170. What is the highest common divisor of 270 and h?
30
Let b = -78 + 90. Suppose -22 = 4*s - 358. Calculate the highest common factor of b and s.
12
Suppose 2*p - 1 = -19. Let l = p + 15. Suppose -s + 5*s - 60 = 0. What is the highest common divisor of s and l?
3
Let d be ((-1)/(-2)*0)/(-3). Suppose -g + 0*g + 80 = d. Let t = -23 + 33. Calculate the highest common factor of g and t.
10
Suppose -d + 1 = -c - 0*c, -4*d - 2*c + 28 = 0. Suppose 0 = -0*z + 2*z + 5*k - 3, -4*z = d*k - 31. Calculate the greatest common factor of z and 14.
14
Let l = 94 + -90. Let z(j) = j**2 - 2*j + 4. Let t be z(4). What is the highest common divisor of t and l?
4
Let r = 105 - 54. Calculate the greatest common divisor of 459 and r.
51
Let q = 60 - 28. Calculate the greatest common divisor of q and 4.
4
Suppose 10*h - 8*h - 20 = 0. What is the highest common divisor of 30 and h?
10
Let t(d) = d**3 + d**2 - d + 15. Let m(g) = -2*g - 6. Let y be m(-5). Suppose 0 = y*i - 0*i. Let c be t(i). What is the highest common divisor of 45 and c?
15
Let l = 9 - 7. Let i be ((-64)/(-2))/2 + 2. What is the highest common divisor of l and i?
2
Suppose -2*x + 42 = -4*r, r = -3*x - 0*r + 28. Let v = 656 - 228. Suppose -5*i = 3*c - 383, 181 = 5*c + i - v. What is the greatest common divisor of c and x?
11
Let w(k) = k**3 + 3*k**2 - 11*k + 4. Let d be w(-5). What is the highest common divisor of 6 and d?
3
Let n(t) = t**2 + 5*t - 6. Let s be n(-6). Suppose s*x = 5*x. Suppose x*l = -2*l + 56. Calculate the greatest common factor of l and 4.
4
Let g(m) = m**2 - 10*m - 5. Let i be g(10). Let k = 0 + i. Let y be (12/k)/((-1)/55). Calculate the highest common factor of y and 12.
12
Let r be ((-3)/(-2))/(5/(-30)). Let o = r - -13. Suppose -2*m - 3 = -5. Calculate the greatest common divisor of m and o.
1
Let a be (-2)/(-7) + (-492)/(-42). Suppose -22 = -k + 8. What is the greatest common divisor of k and a?
6
Suppose 2*x - 3*o - 3 = 0, 0*o = -4*x + 5*o + 5. Suppose 4*g = 20 - x. Suppose -g*c + 23 = -157. What is the highest common factor of c and 4?
4
Suppose -3 - 3 = 3*w. Let t = 2 - w. Suppose c = -0*k + 3*k - 13, 0 = 2*c - 10. What is the greatest common factor of k and t?
2
Let t(j) = j**3 + 9*j**2 + j + 3. Let b(q) = -q**3 - 3*q**2 + 5*q - 1. Let l be b(-4). Let s be t(l). Calculate the highest common divisor of 14 and s.
14
Let k = -11 - -8. Let u be k/(1 - (-8)/(-5)). Suppose 9 = u*t - 4*y - 6, -15 = -5*t - 2*y. What is the greatest common factor of t and 9?
3
Suppose -4*b + 183 = 15. Calculate the greatest common divisor of 105 and b.
21
Suppose -5*j - 2 = 3*v - 0, -2*j = 2*v - 4. Calculate the highest common factor of v and 24.
6
Suppose -a + 75 = -5*u, -3*a - 3*u + 189 = -6*u. Calculate the greatest common factor of 40 and a.
20
Let f(t) be the third derivative of -2*t**2 + 0*t + 0 - 1/6*t**4 + 4/3*t**3. Let w be f(-8). What is the greatest common divisor of w and 8?
8
Suppose -93 = -o + 26. What is the greatest common divisor of o and 17?
17
Suppose 0 = 5*q + 5*x - 230, 0 = -4*x + 11 + 9. Let v = q + -27. What is the greatest common divisor of 2 and v?
2
Let d = -14 - -19. Suppose 0 = 3*x + 3*u - 30, -d*x + 26 = 3*u - 18. What is the highest common divisor of 49 and x?
7
Let v = 45 + -11. Let x be (-2 - v)/(-3) - 1. Calculate the greatest common divisor of x and 11.
11
Let j = 1 - -2. Let b be (4 - j)*(4 - 1). Suppose -2*v + 6 = 3*z, 3*z + b*v + 0*v - 6 = 0. What is the highest common factor of 1 and z?
1
Let c be 2/(-8) + (-147)/(-12). Suppose 2*i = -3*t - 0*t, -4*i = 2*t. Suppose 0 = -i*r - 2*r, 5*d = -5*r + 15. Calculate the highest common divisor of d and c.
3
Suppose -3*d + 203 = 3*o + o, -o + 327 = 5*d. What is the highest common factor of 26 and d?
13
Suppose -3*x + 6*x + 4*m = 76, -x + 4*m + 20 = 0. What is the greatest common factor of 16 and x?
8
Let f be ((-20)/6)/(2 - 140/63). Let n(q) = -3*q - 2. Let t be n(-4). Calculate the highest common divisor of f and t.
5
Let h(s) = -7*s**3 - 3*s**2 - 2*s + 2. Let o be h(-2). Suppose 3*b - 14 = 16. What is the highest common factor of b and o?
10
Let b = 66 - -36. Calculate the highest common factor of 6 and b.
6
Suppose 18 = 2*h - 2. Calculate the highest common divisor of h and 30.
10
Suppose 3*k - 8 = k. Suppose -3*a + k*a = 4. What is the greatest common divisor of 2 and a?
2
Let r be 4/(-12)*0 - -5. Suppose 0 = -x - 5*c - 0 + 10, 0 = -r*x + 5*c + 140. Calculate the greatest common divisor of x and 5.
5
Suppose -6*l - 4*g + 24 = -2*l, 5*l - 27 = -4*g. Suppose -s - 3 = 4*d - 4, 2*s = d + 2. Let t = l - d. Calculate the highest common divisor of 9 and t.
3
Let n = 1 + -1. Suppose 3*l + 3*q - 93 = n, q + 18 = l - 17. What is the greatest common divisor of l and 22?
11
Let r be 20 - ((-4 - -2) + 0). What is the highest common factor of r and 198?
22
Let y = 211 - 151. Let t = 0 + 2. Suppose u = t*u - 15. What is the highest common divisor of y and u?
15
Suppose 3*f = -2*x + 17, 3*f + 11 = -3*x + 29. Let z be f/2 - (-4)/8. Suppose -5 = -2*i + z. Calculate the highest common divisor of 4 and i.
4
Let k = -36 + 58. Calculate the highest common divisor of k and 22.
22
Let q(u) = 2*u**3 - 2*u**2 + 3*u - 3. Let p be q(2). Let d be (8 - 0)*(p - 1). Calculate the greatest common divisor of 16 and d.
16
Let v be 10*(-5)/(50/(-8)). Suppose 0 = -4*p + 28 + 4. Calculate the greatest common divisor of v and p.
8
Let w(j) = j**2 - 4*j. Let b be w(4). Suppose b*h + 3*h = 6. Suppose -h*f = -16 - 34. Calculate the greatest common factor of f and 125.
25
Suppose 2*c + 0*o - o = 48, 3*c - 3*o = 78. Let x = 11 - 15. Let f be x/(-6) + 978/18. Calculate the highest common factor of f and c.
11
Suppose -5*k = -11 - 4. Suppose -k*s + 156 = 57. Calculate the highest common divisor of s and 22.
11
Suppose -11*p + 290 = -480. What is the greatest common factor of p and 7?
7
Suppose 2*m - 5*v - 49 = 0, -3*v + 7*v - 40 = -5*m. What is the highest common factor of 132 and m?
12
Let j be ((-270)/4)/((-3)/8). What is the greatest common factor of j and 20?
20
Let y(b) = 6*b**2 - 1. Let t be y(-1). Suppose 3*i = 3*q - 0*q + 570, -964 = -t*i - 2*q. Suppose -3*w + i = w. Calculate the greatest common divisor of 6 and w.
6
Suppose -5*z = -6*y + 4*y + 4, 0 = -y - 5*z + 17. Suppose -y*c + 5 = -2*c. What is the highest common factor of c and 7?
1
Let m = -3 - 0. Let v be 4/6 - (-52)/12. Let w be m/2*(-10)/v. Calculate the greatest common factor of 21 and w.
3
Let h(o) = o**2 - o - 2. Let t be h(3). Let n be (-160)/(-15)*9/(-6)*-2. Calculate the greatest common factor of n and t.
4
Suppose 95 = 4*z + 15. Let y = 0 + z. Calculate the greatest common factor of 10 and y.
10
Suppose 135 = -0*b + b. Calculate the greatest common divisor of 27 and b.
27
Let m be -6*14/21 + 1*62. What is the highest common divisor of m and 58?
58
Suppose -3*f + 7*f - 4 = 0. Let z be 1/(86/84 - f). What is the greatest common divisor of z and 28?
14
Suppose 4*k - 1 = -5*i - 2, 0 = -i - k - 1. Suppose -3*v + 40 = 4*z, z + 10 - 56 = -i*v. What is the highest common divisor of v and 112?
16
Suppose 3*g = -9, 0*q + 2*g = 3*q - 84. What is the greatest common factor of 104 and q?
26
Suppose 2*o - 5 = -i + 4, i - 13 = -o. Calculate the greatest common divisor of 119 and i.
17
Suppose 3*j = -4*f + 7, j + 0 - 2 = -f. Calculate the greatest common factor of 7 and f.
1
Suppose 4*m - 5*g + 0*g - 79 = 0, -2*g = -5*m + 86. Suppose o - 48 = -o. What is the highest common divisor of m and o?
8
Let k(w) = -46*w + 3. Let a be k(-2). Calculate the highest common factor of 38 and a.
19
Let b(d) = -7*d + 1. Let k(w) = -7*w. Let h(l) = 3*b(l) - 2*k(l). Let x be h(-3). Let y = 0 - -3. What is the greatest common divisor of x and y?
3
Suppose -4*f + 150 = f. Suppose -4*o = -8 - 8. Let j = -1 + o. Calculate the highest common divisor of f and j.
3
Let x = -1 + 6. Let f be 3 - 1 - (-69)/3. Calculate the greatest common divisor of f and x.
5
Let b be (-5 + 0)*(-2)/10. Let j(g) = -g**3 + 5. Let v be j(0). Calculate the greatest common divisor of v and b.
1
Suppose 4*z + 2*k + 4 = 634, -3*z + 500 = -4*k. Let v = 158 - 83. Suppose h + u = 2*u + 21, -4*h = 5*u - v. Calculate the highest common divisor of h and z.
20
Let y(i) = 6*i**2 - i - 3. Let u be y(4). Suppose 2*c 